{"id":1184,"date":"2024-12-05T15:12:33","date_gmt":"2024-12-05T12:12:33","guid":{"rendered":"https:\/\/www.erismakina.com.tr\/?page_id=1184"},"modified":"2024-12-05T15:22:54","modified_gmt":"2024-12-05T12:22:54","slug":"stt-1200-taslama-makinasi","status":"publish","type":"page","link":"https:\/\/www.erismakina.com.tr\/index.php\/taslama-makineleri\/stt-1200-taslama-makinasi\/","title":{"rendered":"STT 1200 Ta\u015flama Makinas\u0131"},"content":{"rendered":"\n<figure class=\"wp-block-image size-large\"><img loading=\"lazy\" decoding=\"async\" width=\"1024\" height=\"913\" src=\"http:\/\/www.erismakina.com.tr\/wp-content\/uploads\/2024\/12\/stt-1200-Photoroom-1024x913.jpg\" alt=\"\" class=\"wp-image-1187\" srcset=\"https:\/\/www.erismakina.com.tr\/wp-content\/uploads\/2024\/12\/stt-1200-Photoroom-1024x913.jpg 1024w, https:\/\/www.erismakina.com.tr\/wp-content\/uploads\/2024\/12\/stt-1200-Photoroom-300x267.jpg 300w, https:\/\/www.erismakina.com.tr\/wp-content\/uploads\/2024\/12\/stt-1200-Photoroom-768x685.jpg 768w, https:\/\/www.erismakina.com.tr\/wp-content\/uploads\/2024\/12\/stt-1200-Photoroom-1536x1369.jpg 1536w, https:\/\/www.erismakina.com.tr\/wp-content\/uploads\/2024\/12\/stt-1200-Photoroom.jpg 2000w\" sizes=\"auto, (max-width: 1024px) 100vw, 1024px\" \/><\/figure>\n\n\n\n<figure class=\"wp-block-table is-style-stripes\"><table class=\"has-fixed-layout\"><tbody><tr><td>Makina Tabla Y\u00fczeyi<\/td><td>1200&#215;700 mm<\/td><td>Machine Table Surface<\/td><\/tr><tr><td>Tabla Stroku&amp;Hareketi<\/td><td>1300 mm<\/td><td>Table Stroke&amp;Movement<\/td><\/tr><tr><td>Tabla-Ta\u015f Aras\u0131 Mesafe (Max)<\/td><td>420 mm<\/td><td>Distance Between Table and Wheel (Max<\/td><\/tr><tr><td>Ta\u015f Gezinti Boyutu (Y)<\/td><td>700 mm<\/td><td>Wheel Movement Lenght (Y)<\/td><\/tr><tr><td>Ta\u015f Gezinti Ayar\u0131<\/td><td>0,01&#8211;20 mm<\/td><td>Wheel Movement Adjustment<\/td><\/tr><tr><td>Z Hareketi<\/td><td>0,001-010 mm<\/td><td>Z Movement<\/td><\/tr><tr><td>Kesici Ta\u015f \u00c7ap\u0131 (Max)<\/td><td>350 x 76,2 x 60 mm<\/td><td>Cutting Wheel Diameter (Max)<\/td><\/tr><tr><td>Kesici Ta\u015f Devri (H\u0131z Kontroll\u00fc)<\/td><td>0-2000 D\/Dk<\/td><td>Cutting Wheel Rotation (With Speed Control)<\/td><\/tr><tr><td>Tabla H\u0131z\u0131 (H\u0131z Kontroll\u00fc) (Max)<\/td><td>0-20 M\/dk<\/td><td>Table Speed (With Speed Control) (Max)<\/td><\/tr><tr><td>Kesici Ta\u015f G\u00fcc\u00fc<\/td><td>5,5 KW-1400 D\/dk<\/td><td>Cutting Wheel Power<\/td><\/tr><tr><td>Hidrolik Motor<\/td><td>4 KW-1400 D\/dk<\/td><td>Hydrolic Engine<\/td><\/tr><tr><td>Stork Motoru (Z)<\/td><td>0,75 KW<\/td><td>Stroke Engine (Z)<\/td><\/tr><tr><td>Y Motoru<\/td><td>0,18 KW -1400 D\/dk<\/td><td>Y Engine<\/td><\/tr><tr><td>Elektrik Sistemi<\/td><td>380-24 Volt<\/td><td>Electirical System<\/td><\/tr><tr><td>Makina Ebatlar\u0131 (BoyxEnxY\u00fckseklik)<\/td><td>3300 x 2300 x 2550 mm<\/td><td>Machine Dimensions (Lenght x Width x Height)<\/td><\/tr><tr><td>Makina \u00c7al\u0131\u015fma Boyutu<\/td><td>5100 x 3000 c 2500 mm<\/td><td>Machine Woring Lenght<\/td><\/tr><tr><td>Hidrolik Tank\u0131<\/td><td>1 Adet (90lt So\u011futma \u00dcniteli)<\/td><td>Hydrolic Tank<\/td><\/tr><tr><td>Su Tank\u0131<\/td><td>1 Adet (150 lt)<\/td><td>Water Tank<\/td><\/tr><tr><td>Makina A\u011f\u0131rl\u0131\u011f\u0131<\/td><td>4500 kg<\/td><td>Approximate Weight of Machine<\/td><\/tr><\/tbody><\/table><\/figure>\n\n\n","protected":false},"excerpt":{"rendered":"<p>Makina Tabla Y\u00fczeyi 1200&#215;700 mm Machine Table Surface Tabla Stroku&amp;Hareketi 1300 mm Table Stroke&amp;Movement Tabla-Ta\u015f Aras\u0131 Mesafe (Max) 420 mm Distance Between Table and Wheel (Max Ta\u015f Gezinti Boyutu (Y) 700 mm Wheel Movement Lenght (Y) Ta\u015f Gezinti Ayar\u0131 0,01&#8211;20 mm Wheel Movement Adjustment Z Hareketi 0,001-010 mm Z Movement&#8230;<\/p>\n","protected":false},"author":1,"featured_media":1187,"parent":2,"menu_order":0,"comment_status":"closed","ping_status":"closed","template":"","meta":{"footnotes":""},"class_list":["post-1184","page","type-page","status-publish","has-post-thumbnail","hentry"],"_links":{"self":[{"href":"https:\/\/www.erismakina.com.tr\/index.php\/wp-json\/wp\/v2\/pages\/1184","targetHints":{"allow":["GET"]}}],"collection":[{"href":"https:\/\/www.erismakina.com.tr\/index.php\/wp-json\/wp\/v2\/pages"}],"about":[{"href":"https:\/\/www.erismakina.com.tr\/index.php\/wp-json\/wp\/v2\/types\/page"}],"author":[{"embeddable":true,"href":"https:\/\/www.erismakina.com.tr\/index.php\/wp-json\/wp\/v2\/users\/1"}],"replies":[{"embeddable":true,"href":"https:\/\/www.erismakina.com.tr\/index.php\/wp-json\/wp\/v2\/comments?post=1184"}],"version-history":[{"count":4,"href":"https:\/\/www.erismakina.com.tr\/index.php\/wp-json\/wp\/v2\/pages\/1184\/revisions"}],"predecessor-version":[{"id":1189,"href":"https:\/\/www.erismakina.com.tr\/index.php\/wp-json\/wp\/v2\/pages\/1184\/revisions\/1189"}],"up":[{"embeddable":true,"href":"https:\/\/www.erismakina.com.tr\/index.php\/wp-json\/wp\/v2\/pages\/2"}],"wp:featuredmedia":[{"embeddable":true,"href":"https:\/\/www.erismakina.com.tr\/index.php\/wp-json\/wp\/v2\/media\/1187"}],"wp:attachment":[{"href":"https:\/\/www.erismakina.com.tr\/index.php\/wp-json\/wp\/v2\/media?parent=1184"}],"curies":[{"name":"wp","href":"https:\/\/api.w.org\/{rel}","templated":true}]}}