{"id":1197,"date":"2024-12-05T17:32:04","date_gmt":"2024-12-05T14:32:04","guid":{"rendered":"https:\/\/www.erismakina.com.tr\/?page_id=1197"},"modified":"2024-12-05T17:32:22","modified_gmt":"2024-12-05T14:32:22","slug":"otomatik-punch-takim-taslama-makinesi-150-06","status":"publish","type":"page","link":"https:\/\/www.erismakina.com.tr\/index.php\/taslama-makineleri\/otomatik-punch-takim-taslama-makinesi-150-06\/","title":{"rendered":"Otomatik Punch Tak\u0131m Ta\u015flama Makinesi 150-06"},"content":{"rendered":"\n<figure class=\"wp-block-image size-large\"><img loading=\"lazy\" decoding=\"async\" width=\"802\" height=\"1024\" src=\"https:\/\/www.erismakina.com.tr\/wp-content\/uploads\/2024\/12\/150-06-Photoroom-802x1024.jpg\" alt=\"\" class=\"wp-image-1198\" srcset=\"https:\/\/www.erismakina.com.tr\/wp-content\/uploads\/2024\/12\/150-06-Photoroom-802x1024.jpg 802w, https:\/\/www.erismakina.com.tr\/wp-content\/uploads\/2024\/12\/150-06-Photoroom-235x300.jpg 235w, https:\/\/www.erismakina.com.tr\/wp-content\/uploads\/2024\/12\/150-06-Photoroom-768x981.jpg 768w, https:\/\/www.erismakina.com.tr\/wp-content\/uploads\/2024\/12\/150-06-Photoroom-1203x1536.jpg 1203w, https:\/\/www.erismakina.com.tr\/wp-content\/uploads\/2024\/12\/150-06-Photoroom.jpg 1284w\" sizes=\"auto, (max-width: 802px) 100vw, 802px\" \/><\/figure>\n\n\n\n<figure class=\"wp-block-table is-style-stripes\"><table class=\"has-fixed-layout\"><tbody><tr><td>Makina Tabla Y\u00fczeyi<\/td><td>150 \u00f8<\/td><td>Machine Table Surface<\/td><\/tr><tr><td>Tabla Stroku &amp; Hareketi<\/td><td>180 mm<\/td><td>Table Stroke &amp; Movement<\/td><\/tr><tr><td>Tabla &#8211; Ta\u015f Aras\u0131 Mesafe (Max)<\/td><td>230 mm<\/td><td>Distance Between Table and Wheel (Max)<\/td><\/tr><tr><td>Z Hareketi<\/td><td>0,001-20 mm<\/td><td>Z Movement<\/td><\/tr><tr><td>Kesici Ta\u015f \u00c7ap\u0131 (Max)<\/td><td>150 mm<\/td><td>Cutting Wheel Diameter (Max)<\/td><\/tr><tr><td>Kesici Ta\u015f Devri<\/td><td>3400 D\/dk<\/td><td>Cutting Wheel Rotation<\/td><\/tr><tr><td>Kesici Ta\u015f G\u00fcc\u00fc<\/td><td>1,1 KW &#8211; 3000 D\/dk<\/td><td>Cutting Wheel Power<\/td><\/tr><tr><td>Strok Motoru (Z)<\/td><td>400 W<\/td><td>Stroke Engine (Z)<\/td><\/tr><tr><td>Su Motoru<\/td><td>0,09 KW 3000 D\/dk<\/td><td>Water Engine<\/td><\/tr><tr><td>Tabla Motoru<\/td><td>0,09 KW 1400 D\/Dk<\/td><td>Table Engine<\/td><\/tr><tr><td>Elektrik Sistemi<\/td><td>380-24 Volt DC<\/td><td>Electrical System<\/td><\/tr><tr><td>Makina Ebatlar\u0131 (En x Boy x Y\u00fckseklik)<\/td><td>500 x 500 x 1020 mm<\/td><td>Machine Dimensions (Length x Width x Height )<\/td><\/tr><tr><td>Su Tank\u0131<\/td><td>1 Adet (30 lt)<\/td><td>Water Tank<\/td><\/tr><tr><td>Makina A\u011f\u0131rl\u0131\u011f\u0131<\/td><td>220 kg<\/td><td>Approximate Weight of Machine<\/td><\/tr><\/tbody><\/table><\/figure>\n","protected":false},"excerpt":{"rendered":"<p>Makina Tabla Y\u00fczeyi 150 \u00f8 Machine Table Surface Tabla Stroku &amp; Hareketi 180 mm Table Stroke &amp; Movement Tabla &#8211; Ta\u015f Aras\u0131 Mesafe (Max) 230 mm Distance Between Table and Wheel (Max) Z Hareketi 0,001-20 mm Z Movement Kesici Ta\u015f \u00c7ap\u0131 (Max) 150 mm Cutting Wheel Diameter (Max) Kesici Ta\u015f&#8230;<\/p>\n","protected":false},"author":1,"featured_media":1198,"parent":2,"menu_order":0,"comment_status":"closed","ping_status":"closed","template":"","meta":{"footnotes":""},"class_list":["post-1197","page","type-page","status-publish","has-post-thumbnail","hentry"],"_links":{"self":[{"href":"https:\/\/www.erismakina.com.tr\/index.php\/wp-json\/wp\/v2\/pages\/1197","targetHints":{"allow":["GET"]}}],"collection":[{"href":"https:\/\/www.erismakina.com.tr\/index.php\/wp-json\/wp\/v2\/pages"}],"about":[{"href":"https:\/\/www.erismakina.com.tr\/index.php\/wp-json\/wp\/v2\/types\/page"}],"author":[{"embeddable":true,"href":"https:\/\/www.erismakina.com.tr\/index.php\/wp-json\/wp\/v2\/users\/1"}],"replies":[{"embeddable":true,"href":"https:\/\/www.erismakina.com.tr\/index.php\/wp-json\/wp\/v2\/comments?post=1197"}],"version-history":[{"count":1,"href":"https:\/\/www.erismakina.com.tr\/index.php\/wp-json\/wp\/v2\/pages\/1197\/revisions"}],"predecessor-version":[{"id":1199,"href":"https:\/\/www.erismakina.com.tr\/index.php\/wp-json\/wp\/v2\/pages\/1197\/revisions\/1199"}],"up":[{"embeddable":true,"href":"https:\/\/www.erismakina.com.tr\/index.php\/wp-json\/wp\/v2\/pages\/2"}],"wp:featuredmedia":[{"embeddable":true,"href":"https:\/\/www.erismakina.com.tr\/index.php\/wp-json\/wp\/v2\/media\/1198"}],"wp:attachment":[{"href":"https:\/\/www.erismakina.com.tr\/index.php\/wp-json\/wp\/v2\/media?parent=1197"}],"curies":[{"name":"wp","href":"https:\/\/api.w.org\/{rel}","templated":true}]}}