{"id":1202,"date":"2024-12-06T11:47:12","date_gmt":"2024-12-06T08:47:12","guid":{"rendered":"https:\/\/www.erismakina.com.tr\/?page_id=1202"},"modified":"2024-12-06T11:48:16","modified_gmt":"2024-12-06T08:48:16","slug":"canak-taslama-makinesi","status":"publish","type":"page","link":"https:\/\/www.erismakina.com.tr\/index.php\/taslama-makineleri\/canak-taslama-makinesi\/","title":{"rendered":"\u00c7anak Ta\u015flama Makinesi 150-05"},"content":{"rendered":"\n<figure class=\"wp-block-image size-large\"><img loading=\"lazy\" decoding=\"async\" width=\"952\" height=\"1024\" src=\"https:\/\/www.erismakina.com.tr\/wp-content\/uploads\/2024\/12\/150-05-canak-taslama-makinesi-952x1024.jpg\" alt=\"\" class=\"wp-image-1203\" srcset=\"https:\/\/www.erismakina.com.tr\/wp-content\/uploads\/2024\/12\/150-05-canak-taslama-makinesi-952x1024.jpg 952w, https:\/\/www.erismakina.com.tr\/wp-content\/uploads\/2024\/12\/150-05-canak-taslama-makinesi-279x300.jpg 279w, https:\/\/www.erismakina.com.tr\/wp-content\/uploads\/2024\/12\/150-05-canak-taslama-makinesi-768x826.jpg 768w, https:\/\/www.erismakina.com.tr\/wp-content\/uploads\/2024\/12\/150-05-canak-taslama-makinesi-1427x1536.jpg 1427w, https:\/\/www.erismakina.com.tr\/wp-content\/uploads\/2024\/12\/150-05-canak-taslama-makinesi.jpg 1512w\" sizes=\"auto, (max-width: 952px) 100vw, 952px\" \/><\/figure>\n\n\n\n<figure class=\"wp-block-table is-style-stripes\"><table class=\"has-fixed-layout\"><tbody><tr><td class=\"has-text-align-left\" data-align=\"left\">Makina Boyutlar\u0131 (X,Y,Z)<\/td><td>X75 \/ Y55 \/ Z85<\/td><td>Machine Dimensions (X,Y,Z)<\/td><\/tr><tr><td class=\"has-text-align-left\" data-align=\"left\">A\u011f\u0131rl\u0131k<\/td><td>140 kg<\/td><td>Weight<\/td><\/tr><tr><td class=\"has-text-align-left\" data-align=\"left\">Tabla Stroku&amp;Hareketi<\/td><td>50 mm<\/td><td>Table Stroke &amp; Movement<\/td><\/tr><tr><td class=\"has-text-align-left\" data-align=\"left\">Tabla-Ta\u015f Aras\u0131 Mesafe (Max)<\/td><td>50 mm<\/td><td>Distance Between Table and Wheel (Max)<\/td><\/tr><tr><td class=\"has-text-align-left\" data-align=\"left\">Ta\u015f Motoru<\/td><td>0,75 KW 2800 D\/dk<\/td><td>Wheel Engine<\/td><\/tr><tr><td class=\"has-text-align-left\" data-align=\"left\">Su Motoru<\/td><td>0,09 KW<\/td><td>Water Engine<\/td><\/tr><tr><td class=\"has-text-align-left\" data-align=\"left\">M\u0131knat\u0131s<\/td><td>250 mm<\/td><td>Magnet<\/td><\/tr><tr><td class=\"has-text-align-left\" data-align=\"left\">Su Tank\u0131 Kapasitesi<\/td><td>20 lt<\/td><td>Capacity of Water Tank<\/td><\/tr><tr><td class=\"has-text-align-left\" data-align=\"left\">Dijital G\u00f6sterge <\/td><td>0,01 mm<\/td><td>Digital Display<\/td><\/tr><tr><td class=\"has-text-align-left\" data-align=\"left\">Tabla Red\u00fckt\u00f6r Motoru<\/td><td>0,18 KW 1400 D\/dk<\/td><td>Table Gearmotor<\/td><\/tr><tr><td class=\"has-text-align-left\" data-align=\"left\">Tabla  D\u00f6n\u00fc\u015f H\u0131z\u0131 (Ayarlanabilir)<\/td><td>0-100 D\/dk<\/td><td>Table Rotation Speed (Adjustable)<\/td><\/tr><\/tbody><\/table><\/figure>\n","protected":false},"excerpt":{"rendered":"<p>Makina Boyutlar\u0131 (X,Y,Z) X75 \/ Y55 \/ Z85 Machine Dimensions (X,Y,Z) A\u011f\u0131rl\u0131k 140 kg Weight Tabla Stroku&amp;Hareketi 50 mm Table Stroke &amp; Movement Tabla-Ta\u015f Aras\u0131 Mesafe (Max) 50 mm Distance Between Table and Wheel (Max) Ta\u015f Motoru 0,75 KW 2800 D\/dk Wheel Engine Su Motoru 0,09 KW Water Engine M\u0131knat\u0131s&#8230;<\/p>\n","protected":false},"author":1,"featured_media":1203,"parent":2,"menu_order":0,"comment_status":"closed","ping_status":"closed","template":"","meta":{"footnotes":""},"class_list":["post-1202","page","type-page","status-publish","has-post-thumbnail","hentry"],"_links":{"self":[{"href":"https:\/\/www.erismakina.com.tr\/index.php\/wp-json\/wp\/v2\/pages\/1202","targetHints":{"allow":["GET"]}}],"collection":[{"href":"https:\/\/www.erismakina.com.tr\/index.php\/wp-json\/wp\/v2\/pages"}],"about":[{"href":"https:\/\/www.erismakina.com.tr\/index.php\/wp-json\/wp\/v2\/types\/page"}],"author":[{"embeddable":true,"href":"https:\/\/www.erismakina.com.tr\/index.php\/wp-json\/wp\/v2\/users\/1"}],"replies":[{"embeddable":true,"href":"https:\/\/www.erismakina.com.tr\/index.php\/wp-json\/wp\/v2\/comments?post=1202"}],"version-history":[{"count":2,"href":"https:\/\/www.erismakina.com.tr\/index.php\/wp-json\/wp\/v2\/pages\/1202\/revisions"}],"predecessor-version":[{"id":1207,"href":"https:\/\/www.erismakina.com.tr\/index.php\/wp-json\/wp\/v2\/pages\/1202\/revisions\/1207"}],"up":[{"embeddable":true,"href":"https:\/\/www.erismakina.com.tr\/index.php\/wp-json\/wp\/v2\/pages\/2"}],"wp:featuredmedia":[{"embeddable":true,"href":"https:\/\/www.erismakina.com.tr\/index.php\/wp-json\/wp\/v2\/media\/1203"}],"wp:attachment":[{"href":"https:\/\/www.erismakina.com.tr\/index.php\/wp-json\/wp\/v2\/media?parent=1202"}],"curies":[{"name":"wp","href":"https:\/\/api.w.org\/{rel}","templated":true}]}}