{"id":1252,"date":"2024-12-09T12:56:30","date_gmt":"2024-12-09T09:56:30","guid":{"rendered":"https:\/\/www.erismakina.com.tr\/?page_id=1252"},"modified":"2024-12-09T12:56:30","modified_gmt":"2024-12-09T09:56:30","slug":"numune-taslama-makinasi-150-01","status":"publish","type":"page","link":"https:\/\/www.erismakina.com.tr\/index.php\/taslama-makineleri\/numune-taslama-makinasi-150-01\/","title":{"rendered":"Numune Ta\u015flama Makinas\u0131 150-01"},"content":{"rendered":"\n<figure class=\"wp-block-image size-large\"><img loading=\"lazy\" decoding=\"async\" width=\"828\" height=\"1024\" src=\"https:\/\/www.erismakina.com.tr\/wp-content\/uploads\/2024\/12\/numune-taslama-makinesi-828x1024.jpg\" alt=\"\" class=\"wp-image-1253\" srcset=\"https:\/\/www.erismakina.com.tr\/wp-content\/uploads\/2024\/12\/numune-taslama-makinesi-828x1024.jpg 828w, https:\/\/www.erismakina.com.tr\/wp-content\/uploads\/2024\/12\/numune-taslama-makinesi-243x300.jpg 243w, https:\/\/www.erismakina.com.tr\/wp-content\/uploads\/2024\/12\/numune-taslama-makinesi-768x950.jpg 768w, https:\/\/www.erismakina.com.tr\/wp-content\/uploads\/2024\/12\/numune-taslama-makinesi-1242x1536.jpg 1242w, https:\/\/www.erismakina.com.tr\/wp-content\/uploads\/2024\/12\/numune-taslama-makinesi.jpg 1413w\" sizes=\"auto, (max-width: 828px) 100vw, 828px\" \/><\/figure>\n\n\n\n<figure class=\"wp-block-table is-style-stripes\"><table class=\"has-fixed-layout\"><tbody><tr><td>Makina Boyutlar\u0131<\/td><td>40 x 30 x 60<\/td><td>Machine Dimensions<\/td><\/tr><tr><td>A\u011f\u0131rl\u0131k<\/td><td>42 Kg<\/td><td>Weight<\/td><\/tr><tr><td>Tabla Stroku&amp;Hareketi<\/td><td> 50 mm<\/td><td>Table Stroke&amp;Movement<\/td><\/tr><tr><td>Tabla-Ta\u015f Aras\u0131 Mesafe (Max)<\/td><td>50 mm<\/td><td>Distance Between Table and Wheel (Max)<\/td><\/tr><tr><td>Ta\u015f Motoru<\/td><td>0,25 KW 2800 D\/dk<\/td><td>Wheel Engine<\/td><\/tr><tr><td>Ayna<\/td><td>100 mm<\/td><td>Lathe Chucks<\/td><\/tr><tr><td>M\u0131knat\u0131s<\/td><td>100&#215;60 manuel<\/td><td>Magnet<\/td><\/tr><\/tbody><\/table><\/figure>\n","protected":false},"excerpt":{"rendered":"<p>Makina Boyutlar\u0131 40 x 30 x 60 Machine Dimensions A\u011f\u0131rl\u0131k 42 Kg Weight Tabla Stroku&amp;Hareketi 50 mm Table Stroke&amp;Movement Tabla-Ta\u015f Aras\u0131 Mesafe (Max) 50 mm Distance Between Table and Wheel (Max) Ta\u015f Motoru 0,25 KW 2800 D\/dk Wheel Engine Ayna 100 mm Lathe Chucks M\u0131knat\u0131s 100&#215;60 manuel Magnet<\/p>\n","protected":false},"author":1,"featured_media":1253,"parent":2,"menu_order":0,"comment_status":"closed","ping_status":"closed","template":"","meta":{"footnotes":""},"class_list":["post-1252","page","type-page","status-publish","has-post-thumbnail","hentry"],"_links":{"self":[{"href":"https:\/\/www.erismakina.com.tr\/index.php\/wp-json\/wp\/v2\/pages\/1252","targetHints":{"allow":["GET"]}}],"collection":[{"href":"https:\/\/www.erismakina.com.tr\/index.php\/wp-json\/wp\/v2\/pages"}],"about":[{"href":"https:\/\/www.erismakina.com.tr\/index.php\/wp-json\/wp\/v2\/types\/page"}],"author":[{"embeddable":true,"href":"https:\/\/www.erismakina.com.tr\/index.php\/wp-json\/wp\/v2\/users\/1"}],"replies":[{"embeddable":true,"href":"https:\/\/www.erismakina.com.tr\/index.php\/wp-json\/wp\/v2\/comments?post=1252"}],"version-history":[{"count":1,"href":"https:\/\/www.erismakina.com.tr\/index.php\/wp-json\/wp\/v2\/pages\/1252\/revisions"}],"predecessor-version":[{"id":1254,"href":"https:\/\/www.erismakina.com.tr\/index.php\/wp-json\/wp\/v2\/pages\/1252\/revisions\/1254"}],"up":[{"embeddable":true,"href":"https:\/\/www.erismakina.com.tr\/index.php\/wp-json\/wp\/v2\/pages\/2"}],"wp:featuredmedia":[{"embeddable":true,"href":"https:\/\/www.erismakina.com.tr\/index.php\/wp-json\/wp\/v2\/media\/1253"}],"wp:attachment":[{"href":"https:\/\/www.erismakina.com.tr\/index.php\/wp-json\/wp\/v2\/media?parent=1252"}],"curies":[{"name":"wp","href":"https:\/\/api.w.org\/{rel}","templated":true}]}}