{"id":1282,"date":"2024-12-09T15:15:21","date_gmt":"2024-12-09T12:15:21","guid":{"rendered":"https:\/\/www.erismakina.com.tr\/?page_id=1282"},"modified":"2024-12-09T16:45:06","modified_gmt":"2024-12-09T13:45:06","slug":"iletisim-bilgileri","status":"publish","type":"page","link":"https:\/\/www.erismakina.com.tr\/index.php\/iletisim-bilgileri\/","title":{"rendered":"\u0130leti\u015fim Bilgileri"},"content":{"rendered":"\n<center><iframe src=\"https:\/\/www.google.com\/maps\/embed?pb=!1m14!1m8!1m3!1d3152.907571656109!2d32.6699714660645!3d37.7922058105469!3m2!1i1024!2i768!4f13.1!3m3!1m2!1s0x14d09a972d11d5b3%3A0xc8a5faf6cf7aaea7!2sEri%C5%9F%20Otomasyon%20Makina%20San.Tic.Ltd.%C5%9Eti.!5e0!3m2!1str!2str!4v1733747027087!5m2!1str!2str\" width=\"600\" height=\"450\" style=\"border:0;\" allowfullscreen=\"\" loading=\"lazy\" referrerpolicy=\"no-referrer-when-downgrade\"><\/iframe><\/center>\n\n\n\n<p><strong>Adres: <\/strong><\/p>\n\n\n\n<p><strong>Eri\u015f Otomasyon Makina San. Ve Ticaret Ltd. \u015eti.<br><\/strong>Erler Mahallesi 14658 Sokak No: 1, Karatay, <strong>Konya&nbsp;<\/strong><\/p>\n\n\n\n<p><strong>Telefon : <\/strong>0 332 342 01 23<\/p>\n\n\n\n<p><strong>Gsm 1 :<\/strong> 05334674160 (Zafer Teker)<\/p>\n\n\n\n<p><strong>Gsm 2 :<\/strong> 05359574972 (Ne\u015fet \u0130ri\u015f)<\/p>\n\n\n\n<p><strong>E-Posta : <\/strong>info@erismakina.com.tr<\/p>\n\n\n\n<p><strong>Web : <\/strong>www.erismakina.com.tr<\/p>\n","protected":false},"excerpt":{"rendered":"<p>Adres: Eri\u015f Otomasyon Makina San. Ve Ticaret Ltd. \u015eti.Erler Mahallesi 14658 Sokak No: 1, Karatay, Konya&nbsp; Telefon : 0 332 342 01 23 Gsm 1 : 05334674160 (Zafer Teker) Gsm 2 : 05359574972 (Ne\u015fet \u0130ri\u015f) E-Posta : info@erismakina.com.tr Web : www.erismakina.com.tr<\/p>\n","protected":false},"author":1,"featured_media":0,"parent":0,"menu_order":0,"comment_status":"closed","ping_status":"closed","template":"","meta":{"footnotes":""},"class_list":["post-1282","page","type-page","status-publish","hentry"],"_links":{"self":[{"href":"https:\/\/www.erismakina.com.tr\/index.php\/wp-json\/wp\/v2\/pages\/1282","targetHints":{"allow":["GET"]}}],"collection":[{"href":"https:\/\/www.erismakina.com.tr\/index.php\/wp-json\/wp\/v2\/pages"}],"about":[{"href":"https:\/\/www.erismakina.com.tr\/index.php\/wp-json\/wp\/v2\/types\/page"}],"author":[{"embeddable":true,"href":"https:\/\/www.erismakina.com.tr\/index.php\/wp-json\/wp\/v2\/users\/1"}],"replies":[{"embeddable":true,"href":"https:\/\/www.erismakina.com.tr\/index.php\/wp-json\/wp\/v2\/comments?post=1282"}],"version-history":[{"count":3,"href":"https:\/\/www.erismakina.com.tr\/index.php\/wp-json\/wp\/v2\/pages\/1282\/revisions"}],"predecessor-version":[{"id":1289,"href":"https:\/\/www.erismakina.com.tr\/index.php\/wp-json\/wp\/v2\/pages\/1282\/revisions\/1289"}],"wp:attachment":[{"href":"https:\/\/www.erismakina.com.tr\/index.php\/wp-json\/wp\/v2\/media?parent=1282"}],"curies":[{"name":"wp","href":"https:\/\/api.w.org\/{rel}","templated":true}]}}